{"id":478,"date":"2012-06-20T13:28:00","date_gmt":"2012-06-20T11:28:00","guid":{"rendered":"http:\/\/www.exsa.hu\/news\/?page_id=478"},"modified":"2018-03-21T12:14:28","modified_gmt":"2018-03-21T11:14:28","slug":"biannual-awards-of-the-european-x-ray-spectrometry-association-exsa-for-young-x-ray-spectrometrists","status":"publish","type":"page","link":"https:\/\/www.exsa.hu\/news\/?page_id=478","title":{"rendered":"EXSA awards"},"content":{"rendered":"<h2><a name=\"young\"><\/a>Biennial Awards of the European X-ray Spectrometry Association (EXSA) for Young X-ray Spectrometrists<\/h2>\n<h3><a href=\"..\/YoungScientistAwards2018Announcement.pdf\"><img src=\"http:\/\/rotation.pytalhost.net\/schwimmen\/service\/pdflogo.gif\" border=\"0\" \/> Announcement for EXSA&#8217;s young scientist awards 2018 <img src=\"http:\/\/rotation.pytalhost.net\/schwimmen\/service\/pdflogo.gif\" border=\"0\" \/><\/a><\/h3>\n<p class=\"hist\">Eligibility Criteria<\/p>\n<ol>\n<li class=\"statute\">Every applicant for the Award must be 35 years or younger. Two awards will be attributed, one award for the PhD thesis (PhD obtained in the last two years) and one Postdoc award for the other young scientists.<br \/>\nDate of birth within 35 years before opening of the respective EXRS conference. Well-grounded personal time-outs, e.g. maternity\/paternity leave, will allow for an extension of the age limit (subject to decision of the executive committee).<\/li>\n<li class=\"statute\">The major conditions are that the candidate has achieved internationally recognizable results either in the academic domain or in the field of innovation carried out mainly in Europe, and that consequently the main publications should be preferably in major European languages.<\/li>\n<li class=\"statute\">The winner will be obliged to participate at the EXRS conference.<\/li>\n<\/ol>\n<p class=\"hist\">Submission procedure<\/p>\n<ol>\n<li style=\"list-style-type: none\">\n<ol>\n<li class=\"statute\">The period for the submissions of the applications ends on February 28 in years of EXRS conferences.<\/li>\n<li class=\"statute\">The application of the candidate has to reach office by e-mail to <a href=\"mailto:%20ysa2018@exsa.hu\">ysa2018(at)exsa.hu<\/a>.<\/li>\n<li class=\"statute\">The application is limited to 3 pages for the curriculum and the description of the own contributions.<\/li>\n<li class=\"statute\">Please see the full invitation for applications for EXSA&#8217;s young scientist awards.<\/li>\n<\/ol>\n<\/li>\n<\/ol>\n<p><!--li class=\"statute\">A recommendation letter from the group leader of the candidate stating that the candidate's own contribution was substantial\/essential to the presented work.<\/li\/\/-->\n<p class=\"hist\">Selection procedure<\/p>\n<ol>\n<li class=\"statute\">A special committee has been nominated for the selection by the ExCom; it will receive all documents.<\/li>\n<li class=\"statute\">The Award will be handed over by the EXSA president during the EXRS conference.<\/li>\n<\/ol>\n<p>&nbsp;<\/p>\n<h3>Awardees<\/h3>\n<table class=\"event\">\n<tbody>\n<tr class=\"event\">\n<td class=\"event\" style=\"font-weight: bold;\">2006<\/td>\n<td class=\"event\">Ina Reiche, Paris, France<\/td>\n<\/tr>\n<tr class=\"event\">\n<td class=\"event\" style=\"font-weight: bold;\">2008<\/td>\n<td class=\"event\">Giancarlo Pepponi, Trento, Italy<\/td>\n<\/tr>\n<tr class=\"event\">\n<td class=\"event\" style=\"font-weight: bold;\">2010<\/td>\n<td class=\"event\">Eva Margu\u00ed, Barcelona, Spain (PostDoc Award)<\/td>\n<\/tr>\n<tr class=\"event\">\n<td class=\"event\" style=\"font-weight: bold;\"><\/td>\n<td class=\"event\">Matthias M\u00fcller, Berlin, Germany (PhD Award)<\/td>\n<\/tr>\n<tr class=\"event\">\n<td class=\"event\" style=\"font-weight: bold;\">2012<\/td>\n<td class=\"event\">Marta Manso, Lisbon, Portugal (PhD Award)<\/td>\n<\/tr>\n<tr class=\"event\">\n<td class=\"event\" style=\"font-weight: bold;\">2014<\/td>\n<td class=\"event\">Beatrix Pollakowski, Berlin, Germany (PostDoc Award)<\/td>\n<\/tr>\n<tr class=\"event\">\n<td class=\"event\" style=\"font-weight: bold;\"><\/td>\n<td class=\"event\">Matthias Alfeld, Hamburg, Germany (PhD Award)<\/td>\n<\/tr>\n<tr class=\"event\">\n<td class=\"event\" style=\"font-weight: bold;\">2016<\/td>\n<td class=\"event\">Dimosthenis Sokaras, Stanford, CA, USA (PostDoc Award)<\/td>\n<\/tr>\n<\/tbody>\n<\/table>\n<p>&nbsp;<\/p>\n<h2><a name=\"outstanding\"><\/a>The EXSA award on outstanding achievement in X-ray Spectrometry<\/h2>\n<h4>until 2014 EXSA bestowed an award on outstanding career in X-ray Spectrometry<\/h4>\n<p class=\"hist\">Eligibility criteria:<\/p>\n<ul>\n<li class=\"statute\">publication &amp; research record in XRS<\/li>\n<li class=\"statute\">teaching &amp; organisational record in XRS<\/li>\n<li class=\"statute\">presence at EXRS conferences &amp; EXSA events<\/li>\n<\/ul>\n<p class=\"hist\">1<sup>st<\/sup> step: nomination committee (consisting of approx. 5 scientists in XRS)<\/p>\n<ul>\n<li class=\"statute\">2018: committee members:\n<ul>\n<li class=\"statute\">Matja\u017e Kav\u010di\u010d, Ljubljana, Slovenia<\/li>\n<li class=\"statute\">Ana Pejovi\u0107-Mili\u0107, Toronto, Canada<\/li>\n<li class=\"statute\">Jos\u00e9 Paulo Santos, Lisbon, Portugal<\/li>\n<li class=\"statute\">Laszlo Vincze, Ghent, Belgium<\/li>\n<li class=\"statute\">Alex von Bohlen, Dortmund, Germany<\/li>\n<li class=\"statute\">Charalampos Zarkadas, Almelo, The Netherlands<\/li>\n<\/ul>\n<\/li>\n<li class=\"statute\">proposes 3 to 4 candidates for the award<\/li>\n<\/ul>\n<p class=\"hist\">2<sup>nd<\/sup> step: decision committee (consisting of up to 5 scientists from adjacent fields)<\/p>\n<ul>\n<li class=\"statute\">2018: committee members:\n<ul>\n<li class=\"statute\">Ewa Bulska, Warsaw, Poland<\/li>\n<li class=\"statute\">Terrence Jach, Gaithersburg, U.S.A.<\/li>\n<li class=\"statute\">Peter Petrik, Budapest, Hungary<\/li>\n<li class=\"statute\">Monika Plass, Zurich, Switzerland<\/li>\n<li class=\"statute\">Maria Luisa Polignano, Italy<\/li>\n<\/ul>\n<\/li>\n<li class=\"statute\">decides on one of the nominated candidates<\/li>\n<\/ul>\n<p>&nbsp;<\/p>\n<h3>Laureates<\/h3>\n<h4>until 2014 outstanding carreer award<\/h4>\n<table class=\"event\">\n<tbody>\n<tr class=\"event\">\n<td class=\"event\"><span style=\"font-weight: bold;\">2006<\/span><\/td>\n<td class=\"event\">Horst Ebel\u2020, Vienna, Austria<\/td>\n<\/tr>\n<tr class=\"event\">\n<td class=\"event\"><span style=\"font-weight: bold;\">2008<\/span><\/td>\n<td class=\"event\">Peter Wobrauschek, Vienna, Austria<\/td>\n<\/tr>\n<tr class=\"event\">\n<td class=\"event\"><span style=\"font-weight: bold;\">2010<\/span><\/td>\n<td class=\"event\">Ren\u00e9 Van Grieken , Antwerp, Belgium<\/td>\n<\/tr>\n<tr class=\"event\">\n<td class=\"event\"><span style=\"font-weight: bold;\">2012<\/span><\/td>\n<td class=\"event\">Roberto Cesareo, Sassari, Italy<\/td>\n<\/tr>\n<tr class=\"event\">\n<td class=\"event\"><span style=\"font-weight: bold;\">2014<\/span><\/td>\n<td class=\"event\">Alex von Bohlen, Dortmund, Germany<\/td>\n<\/tr>\n<tr class=\"event\">\n<td class=\"event\"><span style=\"font-weight: bold;\">2016<\/span><\/td>\n<td class=\"event\">Koen Janssens, Antwerp, Belgium<\/td>\n<\/tr>\n<\/tbody>\n<\/table>\n","protected":false},"excerpt":{"rendered":"<p>Biennial Awards of the European X-ray Spectrometry Association (EXSA) for Young X-ray Spectrometrists Announcement for EXSA&#8217;s young scientist awards 2018 Eligibility Criteria Every applicant for the Award must be 35 years or younger. Two awards will be attributed, one award for the PhD thesis (PhD obtained in the last two years) and one Postdoc award [&hellip;]<\/p>\n","protected":false},"author":1,"featured_media":0,"parent":500,"menu_order":0,"comment_status":"open","ping_status":"open","template":"","meta":[],"_links":{"self":[{"href":"https:\/\/www.exsa.hu\/news\/index.php?rest_route=\/wp\/v2\/pages\/478"}],"collection":[{"href":"https:\/\/www.exsa.hu\/news\/index.php?rest_route=\/wp\/v2\/pages"}],"about":[{"href":"https:\/\/www.exsa.hu\/news\/index.php?rest_route=\/wp\/v2\/types\/page"}],"author":[{"embeddable":true,"href":"https:\/\/www.exsa.hu\/news\/index.php?rest_route=\/wp\/v2\/users\/1"}],"replies":[{"embeddable":true,"href":"https:\/\/www.exsa.hu\/news\/index.php?rest_route=%2Fwp%2Fv2%2Fcomments&post=478"}],"version-history":[{"count":17,"href":"https:\/\/www.exsa.hu\/news\/index.php?rest_route=\/wp\/v2\/pages\/478\/revisions"}],"predecessor-version":[{"id":3104782,"href":"https:\/\/www.exsa.hu\/news\/index.php?rest_route=\/wp\/v2\/pages\/478\/revisions\/3104782"}],"up":[{"embeddable":true,"href":"https:\/\/www.exsa.hu\/news\/index.php?rest_route=\/wp\/v2\/pages\/500"}],"wp:attachment":[{"href":"https:\/\/www.exsa.hu\/news\/index.php?rest_route=%2Fwp%2Fv2%2Fmedia&parent=478"}],"curies":[{"name":"wp","href":"https:\/\/api.w.org\/{rel}","templated":true}]}}